).
-4
Let x(y) = -3*y - 14. Let f be x(-6). Let j(n) = -2 - n + f - 3 - 2. Suppose 0 = 4*a + 5*i - 7, 5*a - 25 = 2*i - 8. What is j(a)?
-6
Let l(o) = -2*o - 2*o + 3*o + o**2 + 11 - 5. Let k be 6/21 + (-297)/(-63). Suppose -4*j - 16 = -k*p, p + 2*j + 8 = 5*p. Determine l(p).
6
Suppose 0 = w + 5*j - 24, -3*w - 2*j + 48 = 15. Let t be 222/15 + (-1)/(-5). Let s = t - w. Let q(h) = -h**3 + 6*h**2 + 3. Determine q(s).
3
Let h(o) = 3*o**3 + 5*o**3 - 3*o**2 - 4*o - 4*o**3 + 4 - 3*o**3. Give h(3).
-8
Let m(g) be the third derivative of g**7/315 - g**6/360 + g**5/120 - 5*g**4/24 - g**2. Let v(l) be the second derivative of m(l). Determine v(1).
7
Let z(l) = -l**2 - l + 3. Let w = -55 + 59. Suppose -5*a - w*a = -10*a. What is z(a)?
3
Let v(u) = u. Let i be 1 + -2 + (-25)/(-5) + -3. Determine v(i).
1
Let y = -65 - 1. Let g be -7 - y/10 - (-22)/5. Let t(j) = -j. Determine t(g).
-4
Let w(i) = 4*i**3 + i**2 - 3*i - 1. Let x = -1203 - -1201. Calculate w(x).
-23
Let y(j) be the third derivative of -j**5/120 - j**4/12 + 2*j**3/3 + 11*j**2. Let q(o) be the first derivative of y(o). Let b = 9 + -3. Calculate q(b).
-8
Suppose -5*l = c + 10, 3*l - 5*l - 3*c = 4. Let n be ((-12)/15)/(l/(-5)). Let x(q) = -q**3 - 2*q**2 + 2*q + 1. What is x(n)?
-3
Let p(m) = -m**3 - 2*m**2 - 2*m + 1. Let z(b) = 3*b**3 + 5*b**2 + 5*b + 2. Let v(i) = 5*p(i) + 2*z(i). What is v(0)?
9
Let l(b) = 0*b - 1 - b + 4*b - 2*b. Let j(m) = -4*m + 11. Let s(i) = j(i) + 2*l(i). Calculate s(8).
-7
Let n(o) = -o**2 - 3*o + 1. Suppose -v = 5*v - 204. Let p = 32 - v. Determine n(p).
3
Let v(x) = -18*x - 24*x + 44*x - 5. What is v(4)?
3
Let k(i) = i - 1. Let t(u) = 1. Let q(w) = k(w) - 5*t(w). Let l = -97 + 101. What is q(l)?
-2
Let b(i) be the first derivative of i**2/2 + 2*i - 1. Suppose 4*v - 4*g - 7 = 5*v, 3*v + 21 = -5*g. Determine b(v).
-5
Let j be (0*1/(-3))/3. Let w(c) = -2*c + 13 + 0*c + c + j*c. Suppose 2*b - 6 = 6. Calculate w(b).
7
Let w(o) be the first derivative of -o**3/3 + 4*o**2 - 8*o + 62. Give w(6).
4
Let x(b) be the first derivative of 5 - 1/2*b**2 - 4*b. Let s(c) = 2*c**3 - c**2 + c + 1. Let t be s(-1). Calculate x(t).
-1
Let p(l) be the second derivative of -l**4/4 - l**3/6 - l**2 - 66*l. Determine p(-2).
-12
Let y(x) = 9*x - 5. Let v = 421 - 417. Calculate y(v).
31
Let m(u) be the third derivative of -u**4/24 - u**3/3 + 5*u**2. Let p(k) = 12*k + 27. Let z(s) = -54*m(s) - 4*p(s). Calculate z(-1).
-6
Let o(a) = -3*a**3 + 2*a**2 + a. Let m be o(-1). Suppose -l = -2 - 1. Let z(s) = -5*s - 1. Let r(q) = q + 1. Let t(u) = l*r(u) + z(u). Determine t(m).
-6
Let d(m) = -2*m - 2. Let h be 3 + (16 - 4) + (-1 - 2). Suppose -7*x = h + 2. What is d(x)?
2
Let r = -30 - -32. Suppose g + r = 5*y, -42 = 3*g - 2*y - y. Let l = g - -17. Let u(m) = -m + 1. What is u(l)?
1
Let q(l) = 3*l**2 - 6*l - 1 - 4*l**2 + 0*l**2. Suppose -10 = 13*h + 68. Determine q(h).
-1
Let k(z) = 4*z**3 - z**2 + z. Let b be 36/108 - 8/(-12). Determine k(b).
4
Let s(t) = -11 - 3*t - 6*t + 9*t - 2*t - 7. Determine s(-6).
-6
Suppose 0 = -3*v + 21 - 9. Let n(g) = 2*g - 4 - 19*g - 1 + v. Determine n(1).
-18
Let s(p) = -p + 1. Let w(u) = 8*u - 12. Let j = -69 - -51. Let b(z) = j*s(z) - 2*w(z). Suppose 4*o = -8*a + 3*a - 20, 2*o = -a - 10. Calculate b(o).
-4
Let k(i) = -2*i + 36. Suppose 16*r - 3*n - 15 = 15*r, r - 15 = n. Give k(r).
6
Let m(r) be the first derivative of r**3/3 + 2*r**2 - 6*r - 37. Let y = -7 - -17. Suppose -5*g = -2*p - 5, 3*g = -p - 2*g - y. Give m(p).
-1
Let b(j) = 7*j - 1. Let o be b(2). Suppose 4*r - o = 7. Let i(m) = 7*m**3 - m + 0*m**3 + m**2 - r*m**3. What is i(1)?
2
Let l(t) be the first derivative of t**2/2 + 4*t + 1. Suppose 21 - 29 = 4*m - 4*i, 4*m + 57 = -3*i. Determine l(m).
-5
Let a(u) = -u**2 + u + 2. Let h(i) = -2*i - 8. Let p(q) = -q - 1. Let c(w) = h(w) - p(w). Let t be c(-7). Suppose f = d, t = -5*f + 4*f - 2*d - 6. Give a(f).
-4
Let k(n) = n - 6. Let b(x) = 3*x**3 + x**2. Let w be b(1). Suppose 4*t + 0*d + w*d = -28, 3*t - d + 25 = 0. Determine k(t).
-14
Let w(k) = k**2 - 3. Suppose -5*x = -10*x + 65. Let t = -11 + x. Suppose -t*i = i - 9. Give w(i).
6
Suppose -44 = 4*o - 2*q, 12*o - 16*o - 48 = -q. Let j(w) = w**2 + 11*w - 17. Determine j(o).
9
Let r(s) be the first derivative of -s**4/4 + s**3 + 5*s**2/2 - 6*s + 266. Determine r(4).
-2
Let x(a) = a**2 - 2*a + 3. Suppose 3 - 5 = -n + h, 3*h = -5*n + 50. Suppose 3*d - 2 = n. Let y be 3 + (-3 - (-6)/d). Calculate x(y).
3
Let y be -3*(2 - (-3 - -6)). Suppose h + 5*s - 3 = 0, -h = 4*s - y - 0. Let r(a) = -17*a - 7. Let f(i) = -9*i - 4. Let t(b) = -11*f(b) + 6*r(b). Determine t(h).
-7
Let r(b) = b**2 - 4*b - 7. Let y be 2 - ((-6)/(-33) - (-268)/(-22)). Suppose -5*a + a - 32 = 0. Let f = y + a. What is r(f)?
5
Let v(t) = t**2 + t + 1. Suppose -9*c = -7*c - 5*s + 3, 2*s = -3*c + 24. Determine v(c).
43
Suppose 19 = 9*n + 1. Let l be ((-1)/(-1) - -1) + -2. Let c(q) = q - 2*q**2 + 13 - 12 + l*q. Determine c(n).
-5
Let h = 35 + -33. Let c(i) = 2*i**h - 114*i + 3*i**2 + i**3 - 6 + 115*i. What is c(-5)?
-11
Let u(n) = -n**3 + 8*n**2 + 6*n + 2. Let h(t) = -t**3 + 8*t**2 + 7*t + 3. Let z(r) = -4*h(r) + 5*u(r). Give z(8).
14
Let p(k) = 2*k - 4. Let v(z) = -17*z + 7. Let f(g) = 4*g - 2. Let s(o) = -18*f(o) - 4*v(o). Let w(c) = 5*p(c) + 3*s(c). What is w(3)?
-2
Let s(w) = w**2 - 10*w + 2. Let z be (4 + (-26)/6)*9 + -1. Let a be (1 - 0)*2 - z. Determine s(a).
-22
Let n = -6 - -4. Let o(v) be the second derivative of -v**5/60 + v**4/24 + v**3/3 + v**2/2 + 4*v. Let s(f) be the first derivative of o(f). What is s(n)?
-4
Let i(l) = l + 1. Let t(d) = -4*d + 5. Suppose 4*a = 1 + 3. Let b(k) = a*t(k) - 6*i(k). Give b(-1).
9
Let m(s) = s**2 + 1. Let u be m(1). Let o be 15/5 - 4/u. Suppose 0 = -0*b - b - p - o, -3*b + 3*p = 21. Let v(k) = k**3 + 4*k**2 + 3*k + 6. Give v(b).
-6
Let s(u) be the first derivative of -u**4/12 - 4*u**3/3 - 5*u**2/2 + 3*u - 29. Let k(n) be the first derivative of s(n). Calculate k(-6).
7
Let f(k) be the third derivative of k**7/2520 + k**6/90 + k**5/20 + 2*k**4/3 + 15*k**2. Let m(j) be the second derivative of f(j). Give m(-8).
6
Let y be (-24)/15 + 28/(-20). Let f(a) = 2*a + 4. Calculate f(y).
-2
Let s(u) = 9*u**3 - 1 - 12*u**2 - 2*u - u**2 - u**2 - 4*u**2 + 17*u**2. What is s(-1)?
-9
Let s(n) = 3*n**2 + 2*n - 3. Suppose -5*d = -2*d + 6. Let u be s(d). Let h(v) = -v + 6. What is h(u)?
1
Let n = 38 + -33. Let m(l) = -l - 2. Let w(f) = -f - 2. Let o(r) = n*m(r) - 6*w(r). Determine o(0).
2
Let x(w) be the third derivative of w**6/120 + 3*w**5/10 + w**4/12 + 6*w**3 - 5*w**2 - 37. What is x(-18)?
0
Let n(p) = p**3 - 4*p**2 - p. Let l(x) = x**2 - 7*x - 94. Let z be l(-7). Calculate n(z).
-4
Let x(t) be the second derivative of -t**3/6 - 2*t**2 + 58*t. Give x(-8).
4
Let t(a) = -33*a - 10. Let h(m) = -13*m - 5. Let g(j) = 5*h(j) - 2*t(j). What is g(4)?
-1
Let a(q) = -2*q - 1. Let v be a(-3). Let z(s) = -94*s + 7 + s**3 + 88*s + 40*s**2 - 44*s**2. What is z(v)?
2
Let g(a) = 11*a**3 - 22*a**2 + 20*a - 15. Let f(i) = -5*i**3 + 11*i**2 - 9*i + 7. Let y(o) = 9*f(o) + 4*g(o). What is y(11)?
-8
Let c be ((-10)/5)/(-3 - (-125)/40). Let f(v) = v + 13. What is f(c)?
-3
Let h(w) = 8*w**3 - 11*w**2 - 11*w - 3. Let b(d) = 7*d**3 - 10*d**2 - 9*d - 3. Let r(i) = -7*b(i) + 6*h(i). Calculate r(4).
-9
Suppose -p = 2 - 6. Let t(u) = 2 - 1 + 3*u + p - u. What is t(-5)?
-5
Let r(x) = x**2 - 222. Let w be r(15). Let u(t) = -t**2 - 6*t - 5. Let q(s) = -s - 1. Let h(z) = -5*q(z) + u(z). Determine h(w).
-12
Suppose 24*z - 23*z - 3 = 0. Let y(w) = -7*w + z*w**2 + w**3 - 3 + w + 2*w. What is y(-3)?
9
Let n(d) be the second derivative of 0 + 3/2*d**2 - 1/2*d**3 + 11*d. Calculate n(5).
-12
Suppose 0 = -y + 2*x + 13, 6 = 2*x + 16. Let b(s) = y + s + 2*s + s**2 - 1. Let p = -76 - -73. Determine b(p).
2
Let u(n) be the first derivative of -n**4/2 - 2*n**3/3 + n**2 + n - 28. Let f be u(-1). Let a(r) = 2*r**3 + 3 - 5*r**3 + 2*r**2 - 4. What is a(f)?
4
Suppose -q = -3*q. Let o = -7 + q. Let i = o + 3. Let k(p) = -p. Give k(i).
4
Let i(h) = -h**3 + 5*h**2 - 2*h. Let b(d) = 2*d**2 - 76*d + 5. Let g be b(38). Calculate i(g).
-10
Let w(z) = 126 - 2*z**2 + 3*z + 4*z - 130 - 6*z. What is w(3)?
-19
Let u(j) be the second derivative of 5*j**4/6 + 5*j**3/6 + j**2 - 2*j + 338. Calculate u(-2)